reatest common divisor of 3 and z.
3
Let x be ((-7)/(-77) + 123/(-22))*-2. Suppose -3*j + 74 = -58. Calculate the greatest common factor of j and x.
11
Suppose 5*k = -3*b + 5*b - 381, -3*b = -5*k - 569. Suppose -b - 252 = -5*g. What is the greatest common divisor of g and 8?
8
Let u(n) = n + 8. Let d be u(-4). Suppose -4*w - 4*q = -0*w - 12, 5*q + 30 = 4*w. Let r be 9/15 + 97/w. Calculate the highest common factor of d and r.
4
Let a(f) = 2*f**2 + 8*f + 9. Let c be a(9). Suppose -t = 2*t - c. Calculate the greatest common divisor of 54 and t.
27
Let y be 4/14 + 60/(-504)*-174. Calculate the greatest common divisor of 189 and y.
21
Let k(p) = 99*p + 2. Let w be k(2). Let i(o) = o**2 + 15*o + 16. Let c be i(-17). Suppose 15*l - 17*l = -c. Calculate the highest common factor of w and l.
25
Let d be 64/(-2 + 3) + -1. Let f = 134 + 3. Suppose 73 + f = 5*j. What is the highest common factor of j and d?
21
Let a(k) = -2*k**2 + 20*k - 5. Let s = 35 + -26. Let j be a(s). Calculate the greatest common divisor of j and 13.
13
Suppose 0 = 3*c - 2*n - 87, 0*n - n = 3*c - 78. Let z = -11 + c. Calculate the greatest common divisor of z and 8.
8
Let a be (-2)/(-9) - 43/(-9). Let n(h) = 148*h + 2. Let x be n(a). Let b be 2/9 - x/(-63). Calculate the greatest common factor of 24 and b.
12
Suppose -3*o + 5*j - 53 = -5*o, 3*o = j + 105. What is the highest common divisor of 1 and o?
1
Let t(l) = 2*l**3 - 5*l**2 - 2*l + 2. Let y be t(3). Let q = 1 - 3. Let o = q + 27. What is the greatest common factor of o and y?
5
Suppose -10*b + 7*b = -1197. Calculate the highest common factor of 21 and b.
21
Let u be ((-42)/(-4))/(12/16). Let k = 176 - u. Let f = 261 - k. What is the highest common divisor of f and 11?
11
Suppose 2*l + t - 40 = 4*t, 0 = 4*t. Suppose 4*v + 0*u - 4*u - 1136 = 0, -4*u = l. Suppose -5*y + v = -666. Calculate the highest common factor of 21 and y.
21
Let x = -28 + -52. Let q = -79 - x. Calculate the greatest common divisor of 2 and q.
1
Let r be (-1701)/(-18)*(-6)/(-9). What is the highest common divisor of r and 6?
3
Suppose -3*t - 28 = -v, -t + 122 = 3*v + 8. Calculate the greatest common factor of v and 1073.
37
Suppose -35*v - 167 = -38*v - 5*k, 161 = 3*v - k. Calculate the greatest common divisor of v and 36.
18
Let f(z) = -15*z + 2. Let o be f(4). Let p = o + 19. Let w be 40/30*p/(-2). Calculate the greatest common factor of w and 26.
26
Suppose 0 = 5*p - 5002 + 377. Calculate the highest common factor of p and 37.
37
Let w(v) = 4*v + 52. Let g(r) = 4*r + 54. Let o(n) = 4*g(n) - 3*w(n). Let f be o(-10). What is the greatest common factor of f and 40?
20
Suppose 12*m - 2247 = -567. Suppose 8*p = p + m. Calculate the highest common divisor of p and 30.
10
Suppose -5*c - 4*r + 3892 = 0, 4*c - 2*r = 4577 - 1453. What is the highest common factor of c and 40?
20
Let y = -79 - -93. Suppose -1944 = -4*k - y*k. What is the greatest common divisor of 27 and k?
27
Let b = 14 + 0. Suppose 3*j - 5*s = 49, 4*s - 15 + 88 = 5*j. Let m = j - 11. What is the highest common factor of m and b?
2
Let n = -75 - -150. What is the highest common divisor of n and 100?
25
Let c(n) = 67*n - 91. Let k be c(12). What is the greatest common factor of 23 and k?
23
Suppose -2*p + 5*p + 270 = 3*g, -2*g - 5*p + 208 = 0. Calculate the greatest common factor of 141 and g.
47
Suppose 3*z + 5 = 29. Let j be (20/(-15))/((-4)/6). Suppose 0 = j*c - 19 - 157. Calculate the highest common divisor of z and c.
8
Suppose 4 = a + 5*c, -5*a - 4*c + 12 = -8. Suppose 0 = -5*s + 3*q, 0 = 3*s - a*s - 3*q. Let x be 2 + 0/3 - s. What is the greatest common divisor of x and 16?
2
Suppose 7*r = 2*g + 2*r - 30, 0 = 3*g + 3*r - 3. Suppose g*b + 86 = 356. Calculate the greatest common divisor of 81 and b.
27
Suppose -7*j + 129 = 3*v - 10*j, -v + 28 = -4*j. Let m be (-60)/(-2)*(-2)/(-5). Calculate the highest common factor of v and m.
12
Let m(s) be the first derivative of -11 + 1/3*s**3 + 11*s + 3/2*s**2. Let g be m(0). What is the highest common divisor of g and 55?
11
Let t = 39 - 42. Let q = 128 - 62. Let u be (q/(-9))/(2/t). Calculate the greatest common factor of 66 and u.
11
Let m be -39*((-55)/363 - 4/22). Calculate the highest common factor of m and 13.
13
Suppose f - 62 = -0*f + 5*h, 5*f = 2*h + 425. Let j = -37 + f. Suppose 6*y - 87 = -27. Calculate the highest common factor of j and y.
10
Let w = 0 - 0. Suppose -26 = -2*c - w*c. Suppose 0 = 10*z - 106 - 24. Calculate the highest common divisor of z and c.
13
Let o be (2 - (-195)/(-9))*-15. Let f be (-2)/3 - o/(-15). Let t = -37 - -132. Calculate the highest common divisor of t and f.
19
Let t be 4 + (25 - (4 + 0)) - -3. What is the greatest common divisor of t and 868?
28
Let f = -336 - -580. What is the greatest common divisor of 427 and f?
61
Suppose 0 = -4*p - 11 + 55. Let r = p - 3. What is the greatest common divisor of r and 16?
8
Let j = 35 + 4. Suppose j = 5*b - 11. Suppose 0 = p - 5*n - 40, -5*p + 293 = -n + 93. What is the highest common divisor of b and p?
10
Suppose 2102*z = 2091*z + 440. Calculate the greatest common divisor of 190 and z.
10
Suppose 3*p - 36 = -2*a, 5*p + 2*a - 14 - 46 = 0. Let w be 712/60 + (-10)/(-75). What is the greatest common divisor of p and w?
12
Let v = -867 + 2778. Calculate the highest common factor of 39 and v.
39
Let b be (-2)/6 - 13/(-3). Let c be 1972/20 - b/(-10). Let s = 115 + -106. What is the greatest common divisor of c and s?
9
Let c(a) = -a**2 - 11*a - 20. Let h be c(-6). Let u = 15 - 5. Calculate the greatest common factor of h and u.
10
Let p = 12547 + -12371. Let g(x) = x**3 - 5*x**2 + 6*x - 6. Let z be g(4). Let v be z/(-7) - (-228)/14. Calculate the highest common factor of p and v.
16
Let s be -2 + (-24)/(-10) - (-2151)/(-15). Let v = s + 203. Suppose -4*i + 2*p = -104, i - 39 = 2*p - 7. Calculate the highest common factor of i and v.
12
Let v = -12 + 17. Suppose -5*a + 43 = v*b - 22, -4*a = -3*b - 24. Suppose 4*c - 6 = -q + 2*q, 4*c - 3*q = 10. What is the highest common divisor of c and a?
1
Let z = -107 - -57. Let m = -16 - z. Calculate the greatest common divisor of m and 85.
17
Let p be -7 + 1196*(-11)/(-44). What is the highest common factor of 16 and p?
4
Let y(w) = 47*w + 5. Let b be y(1). Calculate the greatest common factor of 52 and b.
52
Let j be 6*-1*(-5)/10. Suppose -3*h = -3*s + 162, -5*s + j*h + 270 = -h. What is the highest common divisor of 6 and s?
6
Suppose -5*c = -4*y + 473, -2*y = 3*c - c - 232. Calculate the greatest common divisor of y and 6.
3
Let t = -55 + 59. Suppose 5*h - 27 = -3*d, 4*h + t*d - 20 - 8 = 0. Calculate the greatest common factor of h and 24.
3
Let i(o) = -o**2 - 11*o + 4. Let t be i(-6). Let p be 34/(-9*5/(-225)). Calculate the highest common factor of t and p.
34
Let o be 2/(-4) - 21/(-2). Let b be 13*((-28)/35)/((-1)/5). Suppose -9*z - b = -22*z. Calculate the greatest common divisor of z and o.
2
Suppose -5*x + 10 = -h, 4*h + 2 = 2*x - x. Suppose 3*u - 33 = -h*u. Calculate the greatest common divisor of u and 121.
11
Let p(w) = -6 + 4 + 2 + 14*w. Let b be p(-1). Let r = b + 32. What is the greatest common factor of 6 and r?
6
Suppose d = -2*d + 6. Let q be (-62)/(-6) - d/6. Suppose 6*i = q*i - 60. What is the greatest common factor of i and 135?
15
Let i(r) = 37*r**2 + 16*r + 7. Let z be i(4). Calculate the highest common factor of z and 51.
51
Let l = -4147 - -4158. Let r = -6 + 10. Suppose k = r*k - 3. What is the greatest common factor of k and l?
1
Suppose -11*y + 1159 + 106 = 0. Calculate the highest common factor of 23 and y.
23
Let y = 12 - 8. Suppose 4*b = 3*l + 798 - 239, -l + 555 = y*b. Let t = b - -4. What is the greatest common factor of t and 13?
13
Suppose -10*d - d + 4367 = 0. Suppose d = 8*s + 61. Calculate the greatest common divisor of 63 and s.
21
Let t = 110 - 39. What is the greatest common factor of t and 284?
71
Let a be ((-3)/(-6))/(1/(-34)). Let v = a + 19. Suppose 28 = 2*h + 4*r, 3*r = -v*r. Calculate the highest common divisor of 126 and h.
14
Let s be (-11)/(22/(-8)) + 22. What is the greatest common factor of 416 and s?
26
Let n(g) = -3*g**2 - 63*g + 16. Let c be n(-21). What is the highest common divisor of c and 368?
16
Let n be 1179/6*4/6. Let s = n - 81. Suppose 49 + s = 3*d. Calculate the greatest c